{"id":756,"date":"2021-07-08T08:07:12","date_gmt":"2021-07-08T06:07:12","guid":{"rendered":"https:\/\/apmmzg.webd.pro\/?page_id=756"},"modified":"2025-05-14T12:15:36","modified_gmt":"2025-05-14T10:15:36","slug":"sprzet","status":"publish","type":"page","link":"https:\/\/apmurawskiego.pl\/index.php\/sprzet\/","title":{"rendered":"Sprz\u0119t"},"content":{"rendered":"\t\t<div data-elementor-type=\"wp-page\" data-elementor-id=\"756\" class=\"elementor elementor-756\" data-elementor-post-type=\"page\">\n\t\t\t\t\t\t<section class=\"elementor-section elementor-top-section elementor-element elementor-element-2e6f4d30 elementor-section-boxed elementor-section-height-default elementor-section-height-default wpr-particle-no wpr-jarallax-no wpr-parallax-no wpr-sticky-section-no\" data-id=\"2e6f4d30\" data-element_type=\"section\" data-settings=\"{&quot;background_background&quot;:&quot;classic&quot;}\">\n\t\t\t\t\t\t<div class=\"elementor-container elementor-column-gap-default\">\n\t\t\t\t\t<div class=\"elementor-column elementor-col-100 elementor-top-column elementor-element elementor-element-5c4720c1\" data-id=\"5c4720c1\" data-element_type=\"column\">\n\t\t\t<div class=\"elementor-widget-wrap elementor-element-populated\">\n\t\t\t\t\t\t\t<\/div>\n\t\t<\/div>\n\t\t\t\t\t<\/div>\n\t\t<\/section>\n\t\t\t\t<section class=\"elementor-section elementor-top-section elementor-element elementor-element-e7d85b2 elementor-section-boxed elementor-section-height-default elementor-section-height-default wpr-particle-no wpr-jarallax-no wpr-parallax-no wpr-sticky-section-no\" data-id=\"e7d85b2\" data-element_type=\"section\" data-settings=\"{&quot;background_background&quot;:&quot;classic&quot;}\">\n\t\t\t\t\t\t\t<div class=\"elementor-background-overlay\"><\/div>\n\t\t\t\t\t\t\t<div class=\"elementor-container elementor-column-gap-default\">\n\t\t\t\t\t<div class=\"elementor-column elementor-col-50 elementor-top-column elementor-element elementor-element-1c49e07\" data-id=\"1c49e07\" data-element_type=\"column\">\n\t\t\t<div class=\"elementor-widget-wrap elementor-element-populated\">\n\t\t\t\t\t\t<div class=\"elementor-element elementor-element-00e8cc0 animated-fast elementor-invisible elementor-widget elementor-widget-heading\" data-id=\"00e8cc0\" data-element_type=\"widget\" data-settings=\"{&quot;_animation&quot;:&quot;lightSpeedIn&quot;}\" data-widget_type=\"heading.default\">\n\t\t\t\t<div class=\"elementor-widget-container\">\n\t\t\t\t\t<h3 class=\"elementor-heading-title elementor-size-default\">Szanowni Pa\u0144stwo!\n<\/h3>\t\t\t\t<\/div>\n\t\t\t\t<\/div>\n\t\t\t\t<div class=\"elementor-element elementor-element-bf8eb54 animated-fast elementor-invisible elementor-widget elementor-widget-text-editor\" data-id=\"bf8eb54\" data-element_type=\"widget\" data-settings=\"{&quot;_animation&quot;:&quot;lightSpeedIn&quot;,&quot;_animation_delay&quot;:200}\" data-widget_type=\"text-editor.default\">\n\t\t\t\t<div class=\"elementor-widget-container\">\n\t\t\t\t\t\t\t\t\t<p>Z przyjemno\u015bci\u0105 informujemy, \u017ce Akademia Pi\u0142karska Macieja Murawskiego podpisa\u0142a umow\u0119 o wsp\u00f3\u0142pracy z firm\u0105 Hummel &#8211; profesjonalisty w bran\u017cy odzie\u017cy sportowej, w tym pi\u0142karskiej.\u00a0<\/p><p>Celem dokonania zakupu nale\u017cy\u00a0<span style=\"color: var( --e-global-color-text );\">klikn\u0105\u0107 w poni\u017cszy link i przej\u015b\u0107 do zak\u0142adki Sklep klubowy, nast\u0119pnie wpisa\u0107 kod otrzymany od Trenera.<\/span><\/p><p><span style=\"color: var( --e-global-color-text );\">Zapraszamy do sklepu!!!<\/span><\/p>\t\t\t\t\t\t\t\t<\/div>\n\t\t\t\t<\/div>\n\t\t\t\t\t<\/div>\n\t\t<\/div>\n\t\t\t\t<div class=\"elementor-column elementor-col-50 elementor-top-column elementor-element elementor-element-3c70189\" data-id=\"3c70189\" data-element_type=\"column\">\n\t\t\t<div class=\"elementor-widget-wrap elementor-element-populated\">\n\t\t\t\t\t\t<div class=\"elementor-element elementor-element-0e09bdb elementor-widget elementor-widget-image\" data-id=\"0e09bdb\" data-element_type=\"widget\" data-widget_type=\"image.default\">\n\t\t\t\t<div class=\"elementor-widget-container\">\n\t\t\t\t\t\t\t\t\t\t\t\t\t\t\t<img decoding=\"async\" width=\"500\" height=\"94\" data-src=\"https:\/\/apmurawskiego.pl\/wp-content\/uploads\/2025\/04\/hummel-500px.png\" class=\"attachment-full size-full wp-image-3535 lazyload\" alt=\"\" data-srcset=\"https:\/\/apmurawskiego.pl\/wp-content\/uploads\/2025\/04\/hummel-500px.png 500w, https:\/\/apmurawskiego.pl\/wp-content\/uploads\/2025\/04\/hummel-500px-300x56.png 300w, https:\/\/apmurawskiego.pl\/wp-content\/uploads\/2025\/04\/hummel-500px-128x24.png 128w, https:\/\/apmurawskiego.pl\/wp-content\/uploads\/2025\/04\/hummel-500px-32x6.png 32w\" data-sizes=\"(max-width: 34.9rem) calc(100vw - 2rem), (max-width: 53rem) calc(8 * (100vw \/ 12)), (min-width: 53rem) calc(6 * (100vw \/ 12)), 100vw\" src=\"data:image\/gif;base64,R0lGODlhAQABAAAAACH5BAEKAAEALAAAAAABAAEAAAICTAEAOw==\" style=\"--smush-placeholder-width: 500px; --smush-placeholder-aspect-ratio: 500\/94;\" \/><noscript><img decoding=\"async\" width=\"500\" height=\"94\" src=\"https:\/\/apmurawskiego.pl\/wp-content\/uploads\/2025\/04\/hummel-500px.png\" class=\"attachment-full size-full wp-image-3535\" alt=\"\" srcset=\"https:\/\/apmurawskiego.pl\/wp-content\/uploads\/2025\/04\/hummel-500px.png 500w, https:\/\/apmurawskiego.pl\/wp-content\/uploads\/2025\/04\/hummel-500px-300x56.png 300w, https:\/\/apmurawskiego.pl\/wp-content\/uploads\/2025\/04\/hummel-500px-128x24.png 128w, https:\/\/apmurawskiego.pl\/wp-content\/uploads\/2025\/04\/hummel-500px-32x6.png 32w\" sizes=\"(max-width: 34.9rem) calc(100vw - 2rem), (max-width: 53rem) calc(8 * (100vw \/ 12)), (min-width: 53rem) calc(6 * (100vw \/ 12)), 100vw\" \/><\/noscript>\t\t\t\t\t\t\t\t\t\t\t\t\t\t\t<\/div>\n\t\t\t\t<\/div>\n\t\t\t\t\t<\/div>\n\t\t<\/div>\n\t\t\t\t\t<\/div>\n\t\t<\/section>\n\t\t\t\t<section class=\"elementor-section elementor-inner-section elementor-element elementor-element-5bf634b7 animated-fast elementor-section-boxed elementor-section-height-default elementor-section-height-default wpr-particle-no wpr-jarallax-no wpr-parallax-no wpr-sticky-section-no elementor-invisible\" data-id=\"5bf634b7\" data-element_type=\"section\" data-settings=\"{&quot;animation&quot;:&quot;fadeInLeft&quot;}\">\n\t\t\t\t\t\t<div class=\"elementor-container elementor-column-gap-no\">\n\t\t\t\t\t<div class=\"elementor-column elementor-col-50 elementor-inner-column elementor-element elementor-element-277d26a5\" data-id=\"277d26a5\" data-element_type=\"column\" data-settings=\"{&quot;background_background&quot;:&quot;classic&quot;}\">\n\t\t\t<div class=\"elementor-widget-wrap elementor-element-populated\">\n\t\t\t\t\t<div class=\"elementor-background-overlay\"><\/div>\n\t\t\t\t\t\t<div class=\"elementor-element elementor-element-5945a23c elementor-widget elementor-widget-heading\" data-id=\"5945a23c\" data-element_type=\"widget\" data-widget_type=\"heading.default\">\n\t\t\t\t<div class=\"elementor-widget-container\">\n\t\t\t\t\t<h3 class=\"elementor-heading-title elementor-size-default\">Zapraszamy do sklepu internetowego<\/h3>\t\t\t\t<\/div>\n\t\t\t\t<\/div>\n\t\t\t\t\t<\/div>\n\t\t<\/div>\n\t\t\t\t<div class=\"elementor-column elementor-col-50 elementor-inner-column elementor-element elementor-element-2246f775\" data-id=\"2246f775\" data-element_type=\"column\">\n\t\t\t<div class=\"elementor-widget-wrap elementor-element-populated\">\n\t\t\t\t\t\t<div class=\"elementor-element elementor-element-3fa58df elementor-align-justify animated-fast elementor-invisible elementor-widget elementor-widget-button\" data-id=\"3fa58df\" data-element_type=\"widget\" data-settings=\"{&quot;_animation&quot;:&quot;lightSpeedIn&quot;}\" data-widget_type=\"button.default\">\n\t\t\t\t<div class=\"elementor-widget-container\">\n\t\t\t\t\t\t\t\t\t<div class=\"elementor-button-wrapper\">\n\t\t\t\t\t<a class=\"elementor-button elementor-button-link elementor-size-xs elementor-animation-shrink\" href=\"https:\/\/amh365sport.pl\/sklep\/\" target=\"_blank\">\n\t\t\t\t\t\t<span class=\"elementor-button-content-wrapper\">\n\t\t\t\t\t\t<span class=\"elementor-button-icon\">\n\t\t\t\t<i aria-hidden=\"true\" class=\"fas fa-shopping-cart\"><\/i>\t\t\t<\/span>\n\t\t\t\t\t\t\t\t\t<span class=\"elementor-button-text\">eSklep<\/span>\n\t\t\t\t\t<\/span>\n\t\t\t\t\t<\/a>\n\t\t\t\t<\/div>\n\t\t\t\t\t\t\t\t<\/div>\n\t\t\t\t<\/div>\n\t\t\t\t\t<\/div>\n\t\t<\/div>\n\t\t\t\t\t<\/div>\n\t\t<\/section>\n\t\t\t\t<\/div>\n\t\t","protected":false},"excerpt":{"rendered":"<p>Szanowni Pa\u0144stwo! Z przyjemno\u015bci\u0105 informujemy, \u017ce Akademia Pi\u0142karska Macieja Murawskiego podpisa\u0142a umow\u0119 o wsp\u00f3\u0142pracy z firm\u0105 Hummel &#8211; profesjonalisty w bran\u017cy odzie\u017cy sportowej, w tym pi\u0142karskiej.\u00a0 Celem dokonania zakupu nale\u017cy\u00a0klikn\u0105\u0107 w poni\u017cszy link i przej\u015b\u0107 do zak\u0142adki Sklep klubowy, nast\u0119pnie wpisa\u0107 kod otrzymany od Trenera. Zapraszamy do sklepu!!! Zapraszamy do sklepu internetowego eSklep<\/p>\n","protected":false},"author":1,"featured_media":0,"parent":0,"menu_order":0,"comment_status":"closed","ping_status":"closed","template":"elementor_header_footer","meta":{"footnotes":""},"class_list":["post-756","page","type-page","status-publish","hentry","entry"],"_links":{"self":[{"href":"https:\/\/apmurawskiego.pl\/index.php\/wp-json\/wp\/v2\/pages\/756","targetHints":{"allow":["GET"]}}],"collection":[{"href":"https:\/\/apmurawskiego.pl\/index.php\/wp-json\/wp\/v2\/pages"}],"about":[{"href":"https:\/\/apmurawskiego.pl\/index.php\/wp-json\/wp\/v2\/types\/page"}],"author":[{"embeddable":true,"href":"https:\/\/apmurawskiego.pl\/index.php\/wp-json\/wp\/v2\/users\/1"}],"replies":[{"embeddable":true,"href":"https:\/\/apmurawskiego.pl\/index.php\/wp-json\/wp\/v2\/comments?post=756"}],"version-history":[{"count":56,"href":"https:\/\/apmurawskiego.pl\/index.php\/wp-json\/wp\/v2\/pages\/756\/revisions"}],"predecessor-version":[{"id":4343,"href":"https:\/\/apmurawskiego.pl\/index.php\/wp-json\/wp\/v2\/pages\/756\/revisions\/4343"}],"wp:attachment":[{"href":"https:\/\/apmurawskiego.pl\/index.php\/wp-json\/wp\/v2\/media?parent=756"}],"curies":[{"name":"wp","href":"https:\/\/api.w.org\/{rel}","templated":true}]}}